 12) to base 7
-32214
What is -10110101 (base 2) in base 7?
-346
Convert -2ab4 (base 12) to base 3.
-20220101
1213113 (base 4) to base 3
100002000
-3464 (base 8) to base 15
-82e
138 (base 15) to base 16
116
144530 (base 7) to base 10
28049
-bd54 (base 14) to base 6
-411514
Convert -16511 (base 8) to base 16.
-1d49
-32712 (base 10) to base 13
-11b74
Convert b13 (base 14) to base 9.
2874
What is -12003 (base 7) in base 5?
-44330
10303 (base 13) to base 7
150520
Convert 64 (base 15) to base 14.
6a
1011121 (base 3) to base 15
3bd
Convert 78 (base 12) to base 15.
62
8630 (base 16) to base 5
2044402
Convert -1364 (base 8) to base 15.
-356
-173 (base 9) to base 10
-147
-70cb (base 15) to base 14
-8972
-98a7 (base 14) to base 8
-63453
Convert 22402 (base 6) to base 9.
4312
Convert 2b1 (base 15) to base 11.
510
Convert 53422 (base 7) to base 14.
4b82
Convert 502 (base 8) to base 4.
11002
Convert -935 (base 14) to base 3.
-2111002
Convert -90b9 (base 12) to base 7.
-63516
What is 1684 (base 11) in base 4?
201211
What is -111011111010 (base 2) in base 7?
-14115
What is 1102110 (base 3) in base 2?
10000001110
Convert 51 (base 16) to base 4.
1101
Convert 774 (base 13) to base 10.
1278
What is 636 (base 11) in base 12?
539
33223 (base 4) to base 9
1334
-2100221121 (base 3) to base 8
-133032
What is e875 (base 15) in base 12?
24548
What is 5c55 (base 15) in base 10?
19655
What is -7051 (base 9) in base 13?
-2461
-42534 (base 6) to base 12
-344a
What is 254534 (base 6) in base 16?
5a3a
What is -41023 (base 5) in base 8?
-5116
Convert 1101001 (base 2) to base 6.
253
What is d17 (base 14) in base 4?
220021
Convert 4aa (base 14) to base 7.
2503
-1053 (base 16) to base 15
-1389
What is 312a (base 14) in base 3?
102121120
100111012 (base 3) to base 10
6917
Convert -185 (base 12) to base 2.
-11110101
Convert -3b3 (base 13) to base 5.
-10103
Convert -5344 (base 6) to base 11.
-a06
What is 3110 (base 7) in base 6?
5005
-1d18 (base 14) to base 11
-3aa1
What is 7bc (base 13) in base 4?
110322
-182 (base 10) to base 4
-2312
3045 (base 8) to base 4
120211
353 (base 6) to base 4
2031
What is -b81 (base 12) in base 5?
-23211
Convert 340 (base 8) to base 2.
11100000
Convert 722 (base 13) to base 15.
55b
What is 47 (base 10) in base 11?
43
What is -53 (base 8) in base 12?
-37
1122002001 (base 3) to base 6
404431
Convert 11558 (base 13) to base 5.
2003201
Convert -132075 (base 8) to base 15.
-da11
What is -225 (base 7) in base 3?
-11100
Convert 5727 (base 10) to base 9.
7763
What is 894 (base 13) in base 7?
4203
What is -5056 (base 7) in base 4?
-123130
Convert -1316c (base 13) to base 3.
-1210120112
What is -d4c (base 14) in base 5?
-40431
What is -111001110 (base 2) in base 6?
-2050
Convert 100110110110 (base 2) to base 4.
212312
Convert 2111212 (base 3) to base 7.
5225
Convert -2158 (base 9) to base 11.
-1218
1012 (base 3) to base 15
22
Convert -100322 (base 4) to base 16.
-43a
What is 603 (base 15) in base 13?
801
-21030 (base 6) to base 5
-42301
What is -631 (base 9) in base 8?
-1002
5685 (base 13) to base 8
27514
-30231 (base 5) to base 4
-132111
-210001 (base 3) to base 4
-20320
1255 (base 8) to base 3
221101
What is 25822 (base 9) in base 8?
42033
What is -33133 (base 4) in base 12?
-6a7
Convert 3020321 (base 4) to base 3.
122122012
What is -2c1 (base 14) in base 16?
-231
What is 1960 (base 13) in base 2?
111011010100
-a969 (base 12) to base 10
-18657
945 (base 12) to base 4
111011
-330114 (base 5) to base 14
-4180
What is -434 (base 7) in base 2?
-11011101
What is -122251 (base 9) in base 15?
-16d27
-360 (base 10) to base 13
-219
-111200 (base 3) to base 7
-1035
Convert 4013242 (base 5) to base 11.
43843
What is 5c0 (base 15) in base 5?
20210
Convert -1445 (base 12) to base 4.
-210311
Convert 2aa33 (base 12) to base 2.
1110101101000111
-1002331 (base 5) to base 6
-201530
-1d3a (base 15) to base 16
-18d3
188b (base 16) to base 4
1202023
What is 3509 (base 11) in base 2?
1000111111111
Convert 110020 (base 4) to base 6.
5544
What is 10701 (base 8) in base 2?
1000111000001
7200 (base 14) to base 7
111100
What is 85 (base 16) in base 5?
1013
What is -1430240 (base 5) in base 14?
-ad5c
What is 6901 (base 10) in base 16?
1af5
-6c4 (base 14) to base 16
-544
2200102 (base 3) to base 8
3643
-401 (base 10) to base 12
-295
What is -34400 (base 5) in base 13?
-1185
Convert 11592 (base 10) to base 4.
2311020
-17e9 (base 16) to base 3
-22101201
-9 (base 10) to base 3
-100
Convert -3790 (base 10) to base 16.
-ece
1020 (base 4) to base 7
132
What is -6cf5 (base 16) in base 15?
-83e8
Convert 96b (base 12) to base 15.
61e
What is 507 (base 12) in base 6?
3211
Convert 187aa (base 13) to base 8.
134544
What is 124c7 (base 13) in base 14?
c45c
Convert 380 (base 15) to base 11.
663
Convert 5ca3 (base 13) to base 10.
13146
398 (base 11) to base 14
258
-909 (base 13) to base 5
-22110
13b92 (base 15) to base 14
1913c
115652 (base 7) to base 16
5306
1223312 (base 4) to base 10
6902
-50310 (base 8) to base 4
-11003020
Convert 23432 (base 5) to base 9.
2345
1444 (base 8) to base 4
30210
What is 232331 (base 4) in base 11?
2292
-122212021 (base 3) to base 5
-404041
1110100001010100 (base 2) to base 10
59476
What is 647 (base 11) in base 16?
309
-1b181 (base 13) to base 16
-cf0a
304022 (base 6) to base 16
5e8e
What is 24331 (base 5) in base 15?
82b
-121020 (base 3) to base 16
-1b6
-640 (base 16) to base 15
-71a
What is -517 (base 9) in base 7?
-1141
Convert be5 (base 16) to base 6.
22033
What is -154502 (base 7) in base 3?
-1112202002
What is 2940 (base 12) in base 9?
6523
What is 121404 (base 5) in base 14?
196c
What is 1121000 (base 3) in base 5?
14121
Convert -943 (base 10) to base 11.
-788
-bc6 (base 16) to base 7
-11534
Convert 111333 (base 5) to base 11.
2a88
Convert 115343 (base 7) to base 16.
526d
What is -202 (base 10) in base 12?
-14a
-424041 (base 5) to base 14
-52b5
What is -47176 (base 11) in base 10?
-68085
Convert -6125 (base 7) to base 5.
-32001
What is 2ea (base 15) in base 14?
35c
What is 7ec (base 15) in base 6?
12153
What is -1c72 (base 14) in base 4?
-1101030
Convert 1231 (base 15) to base 7.
14200
Convert -2670 (base 8) to base 14.
-768
Convert -11185 (base 9) to base 12.
-4388
-3433 (base 5) to base 15
-22d
What is 5144 (base 11) in base 10?
6824
Convert -12367 (base 10) to base 2.
-11000001001111
Convert -111000100101 (base 2) to base 4.
-320211
Convert -200000 (base 3) to base 14.
-26a
7a91 (base 12) to base 14
4d89
Convert -1022 (base 6) to base 11.
-19a
Convert 22413 (base 6) to base 7.
12156
Convert 29c8 (base 13) to base 5.
143304
20598 (base 10) to base 13
94b6
What is 101230 (base 4) in base 15?
507
Convert -5bb (base 14) to base 9.
-1512
-3862 (base 12) to base 6
-45402
What is 3123 (base 7) in base 6?
5023
-ed5 (base 16) to base 5
-110142
Convert -20012221 (base 3) to base 7.
-16135
Convert -41618 (base 10) to base 6.
-520402
-100111001 (base 2) to base 16
-139
64a (base 13) to base 15
4bb
Convert -10120032 (base 4) to base 13.
-8217
What is 3bc (base 14) in base 4?
23302
Convert -2dd (base 16) to base 4.
-23131
-1000121211 (base 3) to base 6
-233121
676 (base 8) to base 5
3241
ad3 (base 16) to base 2
101011010011
22201011 (base 3) to base 9
8634
What is 13a (base 13) in base 5?
1333
What is -d67 (base 15) in base 9?
-4127
Convert 642 (base 8) to base 16.
1a2
-1110101 (base 2) to base 15
-7c
Convert 196 (base 16) to base 7.
1120
What is 94a (base 11) in base 3?
1120100
84c7 (base 15) to base 8
66667
What is -1420 (base 6) in base 13?
-228
What is -154 (base 7) in base 11?
-80
Convert -21 (base 4) to base 9.
-10
618 (base 13) to base 8
2013
-2b710 (base 12) to base 5
-3432000
Convert 25455 (base 7) to base 15.
2003
1211 (base 4) to base 16
65
2111 (base 5) to base 9
342
230003 (base 4) to base 3
10212102
Convert -d7e2 (base 16) to base 2.
-1101011111100010
What is 61 (base 13) in base 11?
72
What is 2033 (base 6) in base 5?
3303
Convert 20134 (base 6) to base 16.
a5a
What is 1201230 (base 4) in base 5?
200002
What is 876 (base 12) in base 9?
1630
Convert 14602 (base 7) to base 6.
30501
3127 (base 11) to base 16
102f
Convert 343241 (base 5) to base 12.
7169
Convert -14d0 (base 16) to base 6.
-40400
Convert 243265 (base 8) to base 7.
465561
101425 (base 6) to bas